= -3 - -4. Let q(w) = 55*w**3 - 1. Let g be q(x). Suppose g = 3*u - 216. Calculate the greatest common factor of 36 and u.
18
Let a = 6 + 0. Let s(i) = 5*i**2 + 8*i - 6. Let b(l) = -l**2. Let y(k) = a*b(k) + s(k). Let o be y(5). What is the greatest common divisor of 72 and o?
9
Suppose 5*o + 2*b = 330, 0 = -4*b - b. What is the greatest common divisor of 99 and o?
33
Let c(w) = -w**3 + w. Let l be c(1). Suppose l = 4*o - 3*o - 16. Let a = 25 - o. Calculate the highest common factor of a and 36.
9
Suppose 3*g - 13 = -4. Suppose -4*d + g*i - 47 = 0, -i - 4*i - 15 = 0. Let y be (17 - -1)*(-63)/d. Calculate the highest common divisor of y and 9.
9
Let m = -122 + 192. Calculate the greatest common factor of 28 and m.
14
Let k(q) = 4 + q**2 - 15*q + 11*q + 0*q**2. Let c be k(-4). What is the greatest common factor of c and 12?
12
Suppose 5*n + 18 = 108. Calculate the highest common divisor of n and 45.
9
Suppose 17 = 3*f - 49. Let q be (f/(-8))/(1/(-4)). Suppose -2*d = -q - 25. Calculate the highest common factor of d and 2.
2
Suppose 2*m = -m + 39. Let r be 0 - (0 + 1)*-125. Let h = r - m. Calculate the greatest common divisor of h and 14.
14
Let a be 2*(-2 + 27/6). Suppose 1 = 2*p + 3, -a*t - 3*p = -197. Calculate the greatest common divisor of 20 and t.
20
Let i be 1/(26/6 - 4). Let n be 2 - (0/1 + 0). Suppose i*l - 4*x - 357 = 0, -n*x = -0*l - 2*l + 236. Calculate the greatest common factor of l and 46.
23
Suppose 2*q - 4 = 4*d, -2*q = -5*d + 1 - 2. Calculate the greatest common divisor of q and 32.
8
Let g be (-2)/3*(-60)/5. What is the greatest common divisor of g and 72?
8
Let y(v) = -v**3 + 8*v**2 + 5*v + 4. Let p be y(5). What is the greatest common divisor of p and 26?
26
Let o(f) = 38*f**2 - 4*f - 1. Let w be o(-2). Calculate the greatest common divisor of 53 and w.
53
Suppose -2*i + 3*n = -0*i - 161, -216 = -3*i - 4*n. Suppose 4*t + 31 = 107. Calculate the greatest common divisor of t and i.
19
Suppose 5*i - 15 - 175 = 0. What is the highest common divisor of 342 and i?
38
Suppose 0 = -2*u - 5*h - 26 + 113, -136 = -3*u - 2*h. What is the highest common factor of u and 506?
46
Let s(d) = -7*d. Let o be s(-4). Suppose -2*r = 2*f - f - o, 84 = 4*f + r. Calculate the highest common factor of f and 4.
4
Let j be 35 - 1 - (5 - 3). Let o = 72 - j. What is the highest common factor of 16 and o?
8
Suppose -o + 86 = -0*o - 5*x, 5*o - 472 = 4*x. What is the greatest common divisor of o and 12?
12
Let v = -13 + 15. Suppose -k + 66 = v*k. Calculate the highest common factor of 33 and k.
11
Suppose -3*r - b + 558 = -5*b, 15 = -5*b. Calculate the greatest common factor of 26 and r.
26
Suppose -3*q + 260 = -4*o, 2*q + 75 = 3*q + o. Calculate the greatest common factor of q and 32.
16
Let w(x) be the third derivative of -4415*x**4/24 - x**2. Let r be w(-1). Let m be r/25 - 6/10. Calculate the greatest common factor of m and 16.
16
Let h = -6 + 9. Suppose 0 = -o - 1 + h. Suppose -3*f = -o*y - f + 10, -3*f - 7 = 5*y. What is the highest common divisor of 1 and y?
1
Suppose -4*s + 3*y + 186 = -47, -3*s + 156 = 4*y. Calculate the highest common divisor of 21 and s.
7
Suppose 5*u - 2*d = -3*d + 51, -27 = -3*u + 3*d. Let h = u - 4. Suppose -2 - 46 = -g. What is the greatest common divisor of h and g?
6
Let p = -11 - -66. Suppose -6*b + 4*b + 2*n = -26, 3*n = -5*b + 49. What is the greatest common factor of b and p?
11
Suppose -9*i = -10*i + 13. What is the highest common factor of 117 and i?
13
Let v(p) = p + 9. Let y be v(-5). Suppose 3*i + f - 36 = 0, -y*i - 3*f = -4*f - 41. Let n = 83 - 6. What is the highest common divisor of n and i?
11
Let i = 18 + 75. Calculate the greatest common factor of 31 and i.
31
Let w = -44 - -87. What is the highest common divisor of w and 258?
43
Let o be (-176)/(-32) + (-3)/(-2). Calculate the highest common factor of o and 14.
7
Suppose 0 = 8*h - h - 119. What is the highest common divisor of 119 and h?
17
Let s be (-2)/5 + 2046/15. Calculate the highest common divisor of 17 and s.
17
Let y = 12 - 9. Let k be 9*((-24)/9 + y). What is the greatest common divisor of k and 12?
3
Let r = -3 - 15. Let t = r - -38. Suppose 5*j + 4*s - 304 = 0, -5*j = -4*s + 3*s - 299. Calculate the greatest common divisor of t and j.
20
Let s = -10 - -20. Let d(w) = -49*w - 5. Let x(u) = 49*u + 6. Let r(t) = -5*d(t) - 4*x(t). Let g be r(1). What is the highest common divisor of g and s?
10
Let k = -67 - -161. What is the highest common divisor of k and 47?
47
Suppose -2*y - y = d, -3*d = -2*y - 11. Suppose -x = -d*x + 54. Let s be ((-12)/5)/(20/(-150)). What is the greatest common factor of s and x?
9
Let v(k) = k + 15. Let n be v(-11). Suppose -j = -n*q + 1 + 2, 4*j - 3*q - 14 = 0. Let y = j - -7. Calculate the greatest common factor of 48 and y.
12
Let x be (-16)/42*-12 + 12/28. What is the greatest common divisor of x and 20?
5
Suppose g + 0*g = -5*d + 195, 3*d - g = 109. What is the greatest common factor of 57 and d?
19
Let v = -13 + 25. Calculate the greatest common factor of 8 and v.
4
Suppose -4*g = -3*g. Suppose 4*v - 148 + 4 = g. Let q be 140/6 - 2/(-3). Calculate the greatest common divisor of v and q.
12
Let v = -19 - -22. Let l be 2/((6 - v)/84). What is the greatest common factor of 8 and l?
8
Let q be -2 + 1/(1/6). Suppose q = t - 0*t. What is the highest common divisor of t and 2?
2
Let g = -1 + 81. Suppose -u - 4*s + 17 = -2*u, 2*u = 3*s - 9. Suppose u*c = -2*c + 160. What is the highest common factor of g and c?
16
Let j(z) = 2*z**3 + 6 - 3*z**2 - 1 - z**3 + z. Suppose 0 = -6*k + 6 + 18. Let x be j(k). Calculate the greatest common divisor of x and 5.
5
Suppose 2*a - 3*a + 37 = 5*i, 17 = i - 3*a. Let j = 0 - -4. What is the greatest common divisor of j and i?
4
Suppose 5*c = q - 17 + 1, -4*c + 16 = q. Suppose 0*j = -3*j + 177. Let i = j - 35. What is the greatest common divisor of i and q?
8
Suppose -8*w + 24 = -3*w - 3*s, -2*s + 4 = 0. Suppose b = -2 + w. Suppose -b*n + 42 + 22 = 0. What is the greatest common divisor of n and 2?
2
Let x be 0 - ((-10)/1 + 1). Let p be (3 + -2)*-1*5. Let j(m) = 3*m**2 - 6*m - 6. Let b be j(p). Calculate the highest common divisor of x and b.
9
Suppose 2*u - 33 = -3*g, 3*g - 3*u + 35 = 83. What is the greatest common factor of 39 and g?
13
Let i(s) = 1 - 4 - 2*s - 3*s - s**2 + 0. Let j be i(-2). What is the greatest common factor of 12 and j?
3
Suppose 5*z = 7*z - 40. Calculate the greatest common divisor of z and 10.
10
Let m(t) = 7*t - 7. Let c be m(4). What is the greatest common factor of 63 and c?
21
Let m(x) = -x + 1. Let a be m(0). Let f be (-12 + a)/(2/(-4)). Suppose -f + 70 = 4*l. What is the highest common divisor of 6 and l?
6
Let v be ((-3)/3)/(13/(-455)). Calculate the greatest common factor of 7 and v.
7
Let g = 54 + -33. What is the greatest common divisor of g and 147?
21
Let s = 113 - 104. What is the highest common factor of s and 3?
3
Let a be (-1364)/(-12) + (5/(-3) - 0). Suppose f - 5 = 9. What is the greatest common factor of a and f?
14
Let y(x) = 2*x**2 + x + 1. Let u be y(-3). What is the highest common factor of u and 128?
16
Let p(j) = 14*j - 4. Let b be p(5). Let f be (-9)/((-148)/40 - -4). Let i = b + f. What is the highest common factor of 4 and i?
4
Suppose b - 2*b + 11 = 0. Let i = 205 + -84. Calculate the greatest common divisor of b and i.
11
Suppose 4 = -4*b + 48. Calculate the greatest common divisor of 1 and b.
1
Let j(q) = q. Let r(l) = -3. Let a(y) = -y. Let i be a(-4). Let d(v) = i*j(v) + r(v). Let n be d(7). What is the highest common factor of 125 and n?
25
Let q(b) = -b**3 - 6*b**2 - 9*b - 9. Let t be q(-6). Suppose -2*j + 7*j + t = 0. Let i be (-4)/18 - 353/j. Calculate the greatest common divisor of 13 and i.
13
Suppose -4*n + l - 3*l + 90 = 0, -4*n + 4*l = -72. Suppose -3*h + 0*m = -2*m - 11, -m = -2*h + 7. Calculate the greatest common divisor of n and h.
3
Let z(o) = -o - 3. Let q be z(-3). Suppose -n + q = -3. Calculate the highest common factor of n and 24.
3
Let x = -34 - -57. Calculate the greatest common divisor of x and 23.
23
Suppose 0 = y - 44 + 6. Calculate the highest common divisor of 95 and y.
19
Let u(m) = 0 + 0*m + 3 + m. Let a be u(-8). Let n be 162/15 + (-1)/a. What is the highest common factor of n and 99?
11
Suppose -4*l + l =